{"id":174,"date":"2017-02-05T15:40:36","date_gmt":"2017-02-05T15:40:36","guid":{"rendered":"https:\/\/fixmassaazid.ee\/?page_id=174"},"modified":"2017-10-16T10:52:07","modified_gmt":"2017-10-16T10:52:07","slug":"esileht","status":"publish","type":"page","link":"https:\/\/fixmassaazid.ee\/?page_id=174","title":{"rendered":"ESILEHT"},"content":{"rendered":"<h2 style=\"text-align: left;\"><span style=\"color: #000000;\">\u00a0<\/span><\/h2>\n<p style=\"text-align: center;\"><span style=\"color: #000000;\"><em>Me k\u00f5ik oleme v\u00e4ga erinevad ja erilised! <\/em><\/span><\/p>\n<p style=\"text-align: center;\"><span style=\"color: #000000;\"><em>Seep\u00e4rast on FIX massaa\u017eide meeskonna t\u00e4helepanu suunatud personaalselt Teie vajadustele. <\/em><\/span><\/p>\n<p style=\"text-align: center;\"><span style=\"color: #000000;\"><em>Olenevalt tervisemurest kujuneb koost\u00f6\u00f6s kliendiga massaa\u017eiliigi valik. <\/em><\/span><\/p>\n<p style=\"text-align: center;\"><span style=\"color: #000000;\"><em>Tihti kasutame parema tulemuse saavutamiseks kombineeritud v\u00f5tteid ja stiile.<\/em><\/span><\/p>\n<p style=\"text-align: center;\"><span style=\"color: #000000;\">\u00a0<\/span><\/p>\n<p style=\"text-align: center;\"><span style=\"color: #000000;\"><em>Meie juures olete &#8211; s\u00f5na otseses m\u00f5ttes &#8211; heades k\u00e4tes!<\/em><\/span><\/p>\n<h3 style=\"text-align: left;\"><span style=\"color: #000000;\"><em> <\/p>\n<style type=\"text\/css\">\n\t<!-- @page { margin: 2cm } P { margin-bottom: 0.21cm } --><br \/>\t<\/style>\n<p><\/em><\/span><\/h3>\n<p>&nbsp;<\/p>\n<p>&nbsp;<\/p>\n<p>&nbsp;<\/p>\n<p>&nbsp;<\/p>\n<p>&nbsp;<\/p>\n<p>&nbsp;<\/p>\n<p>&nbsp;<\/p>\n<p>&nbsp;<\/p>\n<p><span style=\"color: #000000;\">\u00a0<\/span><\/p>\n<p>&nbsp;<\/p>\n<p style=\"text-align: left;\"><span style=\"color: #000000;\">\u00a0<\/span><\/p>\n","protected":false},"excerpt":{"rendered":"<p>\u00a0 Me k\u00f5ik oleme v\u00e4ga erinevad ja erilised! Seep\u00e4rast on FIX massaa\u017eide meeskonna t\u00e4helepanu suunatud personaalselt Teie vajadustele. Olenevalt tervisemurest kujuneb koost\u00f6\u00f6s kliendiga massaa\u017eiliigi valik. Tihti kasutame parema tulemuse saavutamiseks kombineeritud v\u00f5tteid ja stiile. \u00a0 Meie juures olete &#8211; s\u00f5na otseses m\u00f5ttes &#8211; heades k\u00e4tes! &nbsp; &nbsp; &nbsp; &nbsp; &nbsp; &nbsp; &nbsp; &nbsp; \u00a0 &nbsp;&#8230;<\/p>\n","protected":false},"author":1,"featured_media":0,"parent":0,"menu_order":0,"comment_status":"closed","ping_status":"closed","template":"","meta":{"footnotes":""},"class_list":["post-174","page","type-page","status-publish","hentry"],"_links":{"self":[{"href":"https:\/\/fixmassaazid.ee\/index.php?rest_route=\/wp\/v2\/pages\/174","targetHints":{"allow":["GET"]}}],"collection":[{"href":"https:\/\/fixmassaazid.ee\/index.php?rest_route=\/wp\/v2\/pages"}],"about":[{"href":"https:\/\/fixmassaazid.ee\/index.php?rest_route=\/wp\/v2\/types\/page"}],"author":[{"embeddable":true,"href":"https:\/\/fixmassaazid.ee\/index.php?rest_route=\/wp\/v2\/users\/1"}],"replies":[{"embeddable":true,"href":"https:\/\/fixmassaazid.ee\/index.php?rest_route=%2Fwp%2Fv2%2Fcomments&post=174"}],"version-history":[{"count":35,"href":"https:\/\/fixmassaazid.ee\/index.php?rest_route=\/wp\/v2\/pages\/174\/revisions"}],"predecessor-version":[{"id":767,"href":"https:\/\/fixmassaazid.ee\/index.php?rest_route=\/wp\/v2\/pages\/174\/revisions\/767"}],"wp:attachment":[{"href":"https:\/\/fixmassaazid.ee\/index.php?rest_route=%2Fwp%2Fv2%2Fmedia&parent=174"}],"curies":[{"name":"wp","href":"https:\/\/api.w.org\/{rel}","templated":true}]}}